the highest common factor of 33 and 88?
11
Calculate the greatest common divisor of 441 and 63.
63
What is the greatest common divisor of 91 and 104?
13
Calculate the highest common factor of 25 and 6400.
25
Calculate the highest common factor of 1328 and 16.
16
What is the greatest common factor of 229 and 51754?
229
What is the highest common divisor of 524 and 1834?
262
What is the greatest common factor of 54 and 414?
18
Calculate the highest common factor of 54 and 2.
2
Calculate the highest common factor of 420 and 14868.
84
Calculate the highest common factor of 88 and 25784.
88
What is the greatest common divisor of 64 and 20?
4
What is the highest common factor of 98 and 833?
49
What is the highest common factor of 95 and 57?
19
What is the greatest common divisor of 3885 and 105?
105
Calculate the greatest common divisor of 88 and 16.
8
Calculate the highest common divisor of 148 and 11544.
148
What is the greatest common divisor of 11 and 44?
11
What is the highest common factor of 112 and 84?
28
Calculate the greatest common factor of 128 and 104.
8
What is the highest common factor of 990 and 270?
90
What is the highest common divisor of 56 and 420?
28
What is the highest common factor of 1820 and 6188?
364
Calculate the highest common factor of 4 and 100.
4
What is the highest common factor of 20 and 60?
20
Calculate the greatest common factor of 252 and 4102.
14
Calculate the highest common factor of 8 and 632.
8
What is the highest common factor of 40 and 580?
20
Calculate the greatest common factor of 115 and 1840.
115
What is the highest common factor of 306 and 136?
34
What is the greatest common factor of 28 and 1484?
28
Calculate the highest common divisor of 153 and 357.
51
What is the highest common divisor of 7 and 1799?
7
Calculate the highest common divisor of 6 and 9426.
6
Calculate the highest common divisor of 6666 and 286.
22
What is the greatest common divisor of 2240 and 4340?
140
Calculate the greatest common divisor of 10576 and 16.
16
Calculate the greatest common divisor of 697 and 41.
41
What is the highest common divisor of 4130 and 70?
70
What is the highest common divisor of 156 and 24?
12
What is the highest common factor of 10 and 865?
5
Calculate the highest common factor of 85 and 1394.
17
Calculate the greatest common factor of 84 and 1050.
42
What is the highest common factor of 330 and 210?
30
What is the highest common factor of 670 and 268?
134
Calculate the highest common factor of 48 and 1500.
12
Calculate the highest common divisor of 31 and 23963.
31
What is the greatest common divisor of 5 and 205?
5
What is the highest common factor of 2523 and 174?
87
Calculate the greatest common factor of 58157 and 187.
187
Calculate the highest common divisor of 368 and 112.
16
Calculate the greatest common factor of 10718 and 699.
233
Calculate the greatest common factor of 276 and 19596.
276
What is the greatest common divisor of 873 and 485?
97
Calculate the highest common factor of 651 and 105.
21
Calculate the highest common divisor of 105 and 3108.
21
Calculate the highest common divisor of 335 and 402.
67
Calculate the highest common divisor of 1337 and 764.
191
What is the greatest common factor of 256 and 448?
64
What is the greatest common divisor of 1035 and 897?
69
What is the highest common divisor of 2645 and 115?
115
Calculate the greatest common divisor of 420 and 1995.
105
What is the greatest common divisor of 7 and 427?
7
What is the highest common factor of 2405 and 195?
65
What is the greatest common divisor of 6744 and 96?
24
What is the highest common divisor of 119 and 68?
17
Calculate the greatest common factor of 6225 and 25.
25
What is the highest common factor of 8 and 52672?
8
Calculate the highest common factor of 21 and 336.
21
What is the highest common factor of 33 and 1738?
11
Calculate the greatest common factor of 5824 and 182.
182
Calculate the highest common factor of 3620 and 20.
20
Calculate the greatest common factor of 79380 and 28.
28
Calculate the highest common divisor of 8 and 748.
4
Calculate the highest common factor of 7198 and 244.
122
Calculate the highest common divisor of 460 and 820.
20
Calculate the highest common divisor of 60 and 2880.
60
What is the greatest common factor of 132 and 308?
44
What is the highest common divisor of 1625 and 39?
13
Calculate the greatest common divisor of 16 and 424.
8
What is the highest common factor of 9763 and 13?
13
Calculate the greatest common divisor of 390 and 90.
30
What is the highest common divisor of 4208 and 16?
16
Calculate the highest common factor of 920 and 23.
23
Calculate the highest common factor of 1197 and 19.
19
Calculate the greatest common factor of 10 and 1010.
10
What is the greatest common factor of 147 and 8673?
147
What is the greatest common factor of 184 and 2829?
23
What is the greatest common factor of 783 and 45?
9
Calculate the greatest common factor of 48 and 256.
16
What is the greatest common divisor of 360 and 8?
8
What is the highest common factor of 14 and 714?
14
Calculate the highest common factor of 20 and 1920.
20
What is the highest common factor of 30 and 24?
6
Calculate the highest common divisor of 39 and 5343.
39
What is the highest common factor of 784 and 48?
16
What is the highest common divisor of 48 and 18?
6
What is the highest common factor of 551 and 684?
19
What is the greatest common factor of 235 and 10?
5
What is the greatest common factor of 12278 and 14?
14
What is the greatest common divisor of 20 and 232?
4
What is the greatest common divisor of 34 and 5?
1
Calculate the greatest common factor of 714 and 602.
14
What is the greatest common factor of 660 and 33?
33
What is the highest common factor of 1728 and 27?
27
Calculate the highest common divisor of 66 and 363.
33
What is the highest common factor of 10836 and 48?
12
What is the greatest common divisor of 9 and 261?
9
What is the highest common divisor of 28 and 91?
7
What is the highest common divisor of 1884 and 12?
12
Calculate the greatest common divisor of 680 and 119.
17
What is the highest common factor of 1585 and 40?
5
Calculate the greatest common divisor of 1751 and 17.
17
What is the highest common divisor of 5678 and 68?
34
What is the greatest common divisor of 8789 and 561?
187
What is the greatest common divisor of 34 and 459?
17
Calculate the greatest common divisor of 47 and 23641.
47
What is the highest common divisor of 640 and 10?
10
Calculate the highest common divisor of 3708 and 24.
12
Calculate the highest common factor of 90 and 105.
15
Calculate the highest common factor of 946 and 43.
43
Calculate the greatest common divisor of 310 and 713.
31
Calculate the highest common divisor of 322 and 14.
14
What is the greatest common factor of 9 and 1?
1
What is the highest common factor of 56 and 3122?
14
What is the greatest common factor of 16478 and 22?
22
What is the greatest common factor of 7436 and 44?
44
What is the highest common factor of 873 and 54?
9
Calculate the greatest common factor of 201 and 134.
67
What is the greatest common factor of 3396 and 36?
12
What is the highest common divisor of 17 and 1513?
17
What is the greatest common factor of 3468 and 276?
12
What is the greatest common divisor of 308 and 462?
154
Calculate the highest common divisor of 15127 and 21.
7
What is the highest common divisor of 209 and 247?
19
Calculate the highest common divisor of 360 and 1224.
72
Calculate the greatest common factor of 106 and 5618.
106
What is the highest common divisor of 26652 and 24?
12
What is the highest common divisor of 4 and 3?
1
What is the greatest common divisor of 7308 and 168?
84
Calculate the greatest common factor of 1224 and 72.
72
Calculate the highest common divisor of 376 and 152.
8
Calculate the highest common divisor of 4953 and 156.
39
What is the highest common factor of 3920 and 735?
245
What is the greatest common factor of 259 and 333?
37
What is the highest common divisor of 176 and 55?
11
Calculate the greatest common factor of 3225 and 1161.
129
Calculate the greatest common factor of 968 and 33.
11
What is the highest common divisor of 210 and 910?
70
What is the highest common factor of 37 and 333?
37
What is the highest c